22 = -d*o - 120. Calculate the remainder when p is divided by 16.
14
Let o(m) = m**2 - m + 1. Let w be o(3). Let n = w + 15. What is the remainder when n is divided by 12?
10
Let d = -25 - -32. Calculate the remainder when 18 is divided by d.
4
Suppose -4*t = -4, -2*t + 4*t - 302 = -4*k. Suppose -3*u + k = -36. What is the remainder when u is divided by 13?
11
Let l(v) = -8*v. Let y(q) = 15*q - 1. Let o(u) = 5*l(u) + 3*y(u). What is the remainder when o(3) is divided by 7?
5
Suppose -5*t + 27 = -88. What is the remainder when 65 is divided by t?
19
Let q(h) = -h**2 + 13*h - 13. What is the remainder when q(11) is divided by 7?
2
Let i(p) = -p**3 - 2*p**2 + p - 3. Suppose 10 - 1 = -3*w. What is the remainder when 9 is divided by i(w)?
0
Suppose 7 = 3*x - b, -3*b = -5*b - 2. What is the remainder when 15 is divided by x?
1
Let u(r) = 6*r**2 - 1 + 3 + 0. Let s be u(3). Suppose 3*z + 5*m = s, 0 = -m + 3 + 1. What is the remainder when 35 is divided by z?
11
Let z(r) = r**3 + 10*r**2. What is the remainder when z(-9) is divided by 21?
18
Suppose 4*z = 4 + 4. Suppose z*k = 5*r + 115, 5*k - k - r - 203 = 0. What is the remainder when k is divided by 17?
16
Let q be (-4)/2 - -13 - 1. Let x be (-147)/(-2)*q/15. Suppose -5*g + x + 26 = 0. What is the remainder when 58 is divided by g?
13
Suppose -4*x = y - x - 5, -y = 4*x - 7. Let p = 6 + y. Calculate the remainder when 8 is divided by p.
3
Let t(d) = -5*d**2 - 3*d**3 + 5*d**3 - 7 - d**3 + 3*d. Let h(v) = v**3 - 3*v**2 + v + 2. Let q be h(3). What is the remainder when 22 is divided by t(q)?
6
Suppose -a - 3 = -4*q - 15, 0 = 5*a - 4*q - 76. What is the remainder when 77 is divided by a?
13
Let u(f) = f. Let v be u(4). What is the remainder when -2 + v + (-22)/(-2) is divided by 7?
6
Suppose 2*l - 5*l - t = -119, -3*l - 4*t + 116 = 0. What is the remainder when l is divided by 7?
5
Calculate the remainder when 334 is divided by ((4 - 2) + 14)/(16/56).
54
Suppose -85 = -a - y, -a + 243 = 2*a - y. Let p = a + -49. What is the remainder when p is divided by 9?
6
Let s(i) = -i**2 + 8*i - 6. Let j(n) = -2*n - 3. Let d be j(-4). What is the remainder when 26 is divided by s(d)?
8
Suppose 2*o - 13 = 35. What is the remainder when 3/(-1*(-3)/69) is divided by o?
21
Let p(a) = -2*a**3 - 7*a**2 - 5*a - 15. Calculate the remainder when p(-5) is divided by 30.
25
Let i be -2 - (-3)/3*-3. Calculate the remainder when (-173)/i + (-21)/35 is divided by 12.
10
Suppose 0 = 5*o + 5*m - m - 256, -2*m = 4*o - 206. What is the remainder when o is divided by 19?
14
Suppose v + 0*v + 4 = 0. Let r be (-3)/(-12) + 5/(-4). Let a = r - v. What is the remainder when a is divided by 2?
1
Let a(b) = -b**3 + 4*b + 6. Let i be a(6). Let z(x) = -x + 4. Calculate the remainder when i/(-9)*(-6)/(-4) is divided by z(-7).
9
Let a(d) = 13*d**2 + 2*d - 1. Let f = -1 - -2. Suppose 2*k = -4*s + 10, 4*s = 6*k - 2*k - 20. What is the remainder when a(f) is divided by k?
4
Suppose 0*a - 4*a + 4 = 0. What is the remainder when 57 - a/2*0 is divided by 15?
12
Let w(t) = 4*t + 1. Calculate the remainder when 70 is divided by w(2).
7
Calculate the remainder when 17 + (-1)/(-2)*0 is divided by (-30)/9*(-2 - 3/(-15)).
5
Suppose 0*o = 3*o - 27. Let i(v) = -v**2 + 13*v - 7. Calculate the remainder when 85 is divided by i(o).
27
Suppose w - 62 = g, 3*g + 248 = 3*w + w. Suppose 2*c - c = w. Calculate the remainder when c is divided by 16.
14
Suppose 8*b = 6*b + 16. Calculate the remainder when 29 is divided by b.
5
Suppose -107 = 7*h - 366. Calculate the remainder when h is divided by 13.
11
Suppose 14*w = 62 + 162. Calculate the remainder when 23 is divided by w.
7
Let k(m) = 2*m**2 - 5*m - 3. Let z = -5 + 17. What is the remainder when k(5) is divided by z?
10
What is the remainder when 55 + 6 + -5 + 2 is divided by 20?
18
Let y(d) = 20*d - 5. Let b be y(2). Let a = -21 + b. Calculate the remainder when 54 is divided by a.
12
Suppose 3*u - 6*u + 44 = s, -2*s = 5*u - 74. Let n = -11 - -52. What is the remainder when n is divided by u?
13
Suppose -2*p = -10 + 4, -3*p - 11 = -2*v. Suppose 2*b - 8 - v = -2*q, q = 3*b - 3. Calculate the remainder when 14 is divided by (-2)/4 + 51/q.
6
Suppose 92 = 2*x - 4*r, -4*r + 178 = -0*x + 3*x. What is the remainder when x is divided by 22?
10
Let q be 30*(1 - (-1)/2). Let c = q + -20. Suppose 5*v - 5*l - c = 0, 6*l - 50 = -3*v + 2*l. Calculate the remainder when v is divided by 6.
4
Let r = 10 - 6. Let y = r + -4. Suppose 4*t = y, 3*j + 5*t = 2*t + 108. What is the remainder when j is divided by 13?
10
Let j(l) = -2*l + 51. What is the remainder when j(15) is divided by 12?
9
Let u(f) = 15*f**2 - 3*f - 3. What is the remainder when u(-1) is divided by 5?
0
Let d(o) = -o**3 + 4*o**2 - o - 2. Let n be d(4). Let g = 17 - n. Calculate the remainder when g is divided by 6.
5
Let u = 0 + 2. Suppose -u*j - 2*p + 19 = -p, -3*j - p = -30. What is the remainder when 321/15 + 4/(-10) is divided by j?
10
Let i = 8 - 7. Suppose 4*v + i = 21. Suppose -u = -v*d - 0*d + 13, 3*u + 4*d - 18 = 0. What is the remainder when u is divided by 1?
0
What is the remainder when 64 is divided by -4 - (-22 + -2 - -3)?
13
Suppose -3 = w - 2*k, 3*w = -5*k + 2*k + 27. Let r = 0 - -3. Let q = w - r. What is the remainder when 4 is divided by q?
0
Suppose 10*n - 36 = 6*n. Calculate the remainder when 33 is divided by n.
6
Let i(h) be the first derivative of h**2 + 2 + h + 4/3*h**3 + 1/4*h**4. What is the remainder when 14 is divided by i(-2)?
4
Let x = -53 - -71. Calculate the remainder when x is divided by (-1)/(-4) - 39/(-4).
8
Suppose r - 4 - 2 = d, 5*r = -20. Let c(u) = -u**2 - 13*u - 13. Calculate the remainder when 65 is divided by c(d).
14
Let v be (-12117)/(-105) + (-3)/(-5). Let a = 27 + v. What is the remainder when a is divided by 36?
35
Let y(z) = z**3 + 19*z**2 - 27*z - 28. Calculate the remainder when y(-20) is divided by 38.
36
Suppose -5*y - 2 = -4*p - 9, 4*p + 1 = 3*y. Suppose -4 = -y*i + i. Suppose 2 = -i*z + 18. Calculate the remainder when z is divided by 3.
2
Suppose 2*j + 9 = 3*j. Let b(w) = -3*w + 6. Let d(c) = -4*c + 9. Let h(k) = -8*b(k) + 5*d(k). Calculate the remainder when j is divided by h(2).
4
Suppose -3*t + 15 = 6*x - 5*x, 2*t + 130 = 4*x. Calculate the remainder when 117 is divided by x.
27
Let k(b) = -2*b + 61. What is the remainder when 66 is divided by k(19)?
20
Let i = -34 + 44. Suppose 0 = -5*k - 5*s + 185, -k + 34 = -0*k + 4*s. What is the remainder when k is divided by i?
8
Suppose 0*a - 2*a + 66 = 0. Calculate the remainder when 195 is divided by a.
30
Let o = 135 - 81. What is the remainder when o is divided by 19?
16
Suppose -3*f + 9 = -54. Let l(v) = v**2 - 8*v - 9. What is the remainder when f is divided by l(10)?
10
Let g(p) = 4*p - 1. Let j = -7 + 11. Let a be g(j). What is the remainder when 5 is divided by (-5)/(-1)*6/a?
1
Let v(b) = -b**2 - b + 3. Let m be v(-3). Let w be (-1)/m - 752/24. What is the remainder when 28 is divided by (-3)/9 + w/(-3)?
8
Let u = 2 - 3. Calculate the remainder when 35 is divided by -1 + (-1 - 14/u).
11
Suppose -3*a = 5*i - 22, -4*i + 10 - 2 = 0. Let z be (1/(-5))/(a/(-20)). What is the remainder when 7 is divided by 14/4 + z/(-2)?
1
Let u be (-23)/(-2)*(-8)/(-2). Let s = -16 + u. What is the remainder when s is divided by 11?
8
Let g(j) = -j**2 - 8*j - 1. Let h be 1 + -10 + 6/2. What is the remainder when g(h) is divided by 4?
3
Let p = 12 + -13. Calculate the remainder when 25 is divided by -1 + p*(1 + -16).
11
Let l(v) = v**2 + 4*v + 7. Calculate the remainder when 10 is divided by l(-4).
3
What is the remainder when ((-56)/12)/((-2)/6) is divided by 5?
4
Let v(y) = 3*y**2 + 5*y + 11. What is the remainder when 85 is divided by v(-3)?
16
Let w(k) = k**2 + 2*k + 4. Calculate the remainder when 93 is divided by w(3).
17
Suppose 46 + 22 = 4*m. Calculate the remainder when 66 is divided by m.
15
Let s = 119 + -63. Calculate the remainder when s is divided by 19.
18
Suppose 0 = j - 4*y + y + 5, 45 = 4*j + y. What is the remainder when 57 is divided by j?
7
Suppose 2*k = -4*t + 20, t = -0*t - 3*k + 10. Suppose -8*l + t*l - 5*x = -58, -4*l = 2*x - 64. Calculate the remainder when l is divided by 10.
7
Suppose 0*f = 2*f - 3*z - 31, 5*z - 71 = -2*f. Let q(x) = 5*x + 1. Calculate